 11. Determine m(11).
11
Let l(t) = -9*t - 87. Determine l(-14).
39
Let w(t) = 3*t**2 - 18*t - 39. Give w(-2).
9
Let v(l) = 2*l + 13. What is v(6)?
25
Let s(d) = -41*d - 490. Determine s(-12).
2
Let l(u) = -u**3 - 17*u**2 + 17*u + 34. What is l(-18)?
52
Let s(m) = 10*m + 2. Give s(-3).
-28
Let n(u) = -u**3 - 9*u**2 + 51*u - 19. Give n(-13).
-6
Let s(u) = u**3 + 11*u**2 + 11*u + 3. Give s(-10).
-7
Let x(o) = -o**3 - 29*o**2 - o - 6. What is x(-29)?
23
Let k(b) = -10*b - 138. Calculate k(-14).
2
Let a(d) = -d**3 + 3*d - 1. Calculate a(2).
-3
Let v(s) = s**3 - 60*s + 4. Determine v(0).
4
Let p(l) = 3*l**2 + 4*l + 3. What is p(4)?
67
Let v(h) = 3*h + 5. Calculate v(-5).
-10
Let j(d) = 20*d**3 + 2*d**2 - 4*d + 2. Determine j(1).
20
Let c(j) = -j**3 - 5*j**2 + 2*j + 1. What is c(-5)?
-9
Let q(u) = -37*u + 3. Determine q(1).
-34
Let x(z) = -z**3 - 8*z**2 + 12*z + 17. Calculate x(-9).
-10
Let x(i) = -6*i - 2. Calculate x(4).
-26
Let l(q) = -q**2 - 43*q + 284. Determine l(6).
-10
Let q(d) = 52*d + 8. Give q(-1).
-44
Let r(h) = 12*h**2 + 2*h - 1. Give r(1).
13
Let g(l) = 24*l**3 + l**2 + 2*l + 1. Determine g(-1).
-24
Let h(k) = 10*k**2 + 2*k - 3. Determine h(1).
9
Let x(p) = 34*p - 64. What is x(2)?
4
Let c(q) = 2*q**2 + 44*q - 54. Give c(-23).
-8
Let d(i) = i**3 - 7*i**2 - 4*i - 9. Give d(8).
23
Let w(r) = r**2 - 40*r + 7. Determine w(40).
7
Let d(h) = 37*h + 336. Calculate d(-9).
3
Let y(j) = j**3 + 11*j**2 + 8*j - 15. What is y(-10)?
5
Let o(c) = 3*c**3 + 29*c**2 + 20*c + 23. What is o(-9)?
5
Let u(h) = 5*h**2 - 4*h + 4. Determine u(-5).
149
Let z(m) = 40*m - 446. Give z(11).
-6
Let h(z) = z**2 - 17*z + 1. What is h(17)?
1
Let g(y) = -y**3 + 6*y**2 + 4*y - 8. What is g(7)?
-29
Let x(h) = 5*h + 135. Calculate x(-21).
30
Let v(g) = -g**2 + 14*g - 24. Determine v(2).
0
Let v(p) = p**2 - 11*p - 6. Calculate v(11).
-6
Let d(v) = -2*v**3 + v**2 + 1. Calculate d(0).
1
Let m(y) = -y**2 + 4*y - 4. Determine m(4).
-4
Let s(g) = -5*g + 37. Determine s(9).
-8
Let j(u) = -3*u**2 - 17*u - 13. Determine j(-6).
-19
Let m(k) = k**2 - 38*k - 362. Give m(46).
6
Let i(n) = -n + 3. Calculate i(10).
-7
Let y(k) = k**2 - 6*k + 8. What is y(2)?
0
Let i(k) = -2*k + 1. What is i(-9)?
19
Let d(x) = 39*x - 190. What is d(5)?
5
Let l(c) = c**2 - 6*c. What is l(6)?
0
Let n(i) = -i**2 + 5*i + 1. Determine n(7).
-13
Let x(k) = 3*k**2 + 96*k + 91. Give x(-31).
-2
Let y(x) = 5*x - 31. What is y(6)?
-1
Let c(w) = 2*w**3 - 15*w**2 + 7*w. Calculate c(7).
0
Let p(w) = -w**3 - 22*w**2 + 2*w + 37. Give p(-22).
-7
Let v(h) = -h**2 - 2*h + 29. Determine v(-6).
5
Let r(z) = -40*z**2 + z - 1. Give r(1).
-40
Let i(y) = -y**2 - 20*y - 39. What is i(-18)?
-3
Let v(g) = -15*g - 53. Determine v(-3).
-8
Let x(o) = o**2 + 4*o - 83. Give x(7).
-6
Let v(d) = -d - 1. Calculate v(2).
-3
Let p(m) = -4*m**3 + m. Calculate p(1).
-3
Let w(s) = s**3 + 13*s**2 + 12*s + 3. Give w(-12).
3
Let m(n) = -n**2 - 17*n + 64. Determine m(-21).
-20
Let d(s) = -5*s + 31. Give d(4).
11
Let z(o) = -138*o**3 - o**2 + 1. What is z(1)?
-138
Let d(c) = c**3 + 2*c**2 + 5*c + 18. Give d(-3).
-6
Let l(h) = -h**3 + h**2 + h - 19. Calculate l(0).
-19
Let t(h) = h**2 - 10*h + 1. Calculate t(9).
-8
Let l(j) = -4*j - 1. Give l(1).
-5
Let v(i) = i**3 + 15*i**2 - i - 19. Calculate v(-15).
-4
Let w(x) = x**3 + 5*x**2 + x - 8. Determine w(-4).
4
Let m(y) = -51*y**2 + 358*y - 7. Determine m(7).
0
Let k(l) = 5*l**2 - 4*l + 4. Determine k(2).
16
Let k(o) = 33*o + 139. Calculate k(-4).
7
Let i(j) = -j - 2. Give i(-6).
4
Let c(x) = -x**3 + 7*x**2 - 13*x + 10. Give c(5).
-5
Let h(m) = m**3 + 9*m**2 + 18*m + 156. Calculate h(-9).
-6
Let n(l) = 21*l - 3. Give n(1).
18
Let k(s) = -s**3 - 11*s**2 - 13*s + 21. Calculate k(-9).
-24
Let u(g) = g**2 - 8*g + 7. Give u(7).
0
Let v(g) = g - 5. Give v(1).
-4
Let t(c) = -c**2 - 23*c - 2. What is t(-23)?
-2
Let g(f) = -16*f - 146. Determine g(-9).
-2
Let m(q) = -q**3 + 8*q**2 - 10*q + 25. Give m(7).
4
Let l(x) = x**3 + 5*x**2 + 2*x - 3. What is l(-4)?
5
Let t(i) = i**3 + 4*i**2 - 3*i. What is t(-5)?
-10
Let g(q) = -39*q - 2. Give g(1).
-41
Let k(n) = -n**2 - 25*n + 67. Give k(-28).
-17
Let x(h) = 14*h - 88. Determine x(5).
-18
Let z(n) = n**3 - 9*n**2 - 9*n + 132. Give z(8).
-4
Let l(n) = n**3 - 8*n**2 - 9*n + 7. What is l(9)?
7
Let c(g) = g**3 - 10*g**2 - 20*g - 44. Give c(12).
4
Let m(k) = k**3 - 3*k**2 + k + 4. Calculate m(3).
7
Let x(h) = 8*h + 5. Give x(-2).
-11
Let j(h) = -h**3 + 7*h**2 + 8*h + 2. Calculate j(8).
2
Let q(j) = 21*j**3 + 3*j**2 - 2*j - 3. Determine q(-1).
-19
Let l(g) = g**2 - 28*g - 7. Give l(28).
-7
Let x(k) = -k**3 + k**2 + 2. Determine x(0).
2
Let t(d) = 2*d**3 - 18*d**2 + 18*d - 6. What is t(8)?
10
Let x(b) = -b**3 - 11*b**2 - 36*b - 50. What is x(-7)?
6
Let s(a) = 2*a**3 + 30*a**2 - 10. Give s(-15).
-10
Let b(s) = s**2 - 8*s + 15. Determine b(4).
-1
Let c(n) = -17*n**3 - 4*n + 3. What is c(1)?
-18
Let n(z) = z**3 + 10*z**2 - 12*z + 1. Calculate n(-11).
12
Let u(y) = -y**2 + 18. Give u(0).
18
Let h(z) = -z**3 + z**2 + 66*z - 53. Calculate h(-8).
-5
Let a(o) = o - 8. What is a(7)?
-1
Let r(n) = -n**3 + 7*n**2 - 5*n + 14. Give r(7).
-21
Let v(o) = -o**3 + 2*o**2 + o + 14. What is v(0)?
14
Let o(v) = v**2 - 7*v + 9. What is o(8)?
17
Let w(n) = -3*n**3 + 2*n**2 + n - 4. Give w(2).
-18
Let y(r) = 9*r + 73. Give y(-12).
-35
Let f(y) = -13*y - 5. What is f(2)?
-31
Let h(d) = -12*d + 43. What is h(3)?
7
Let u(z) = -z**3 - 14*z**2 + 9. Calculate u(-14).
9
Let l(s) = s**2 - 16*s + 47. What is l(5)?
-8
Let i(m) = 8*m + 9. Determine i(-8).
-55
Let s(v) = -2*v**2 + 3*v + 2. Calculate s(3).
-7
Let h(q) = 12*q. Give h(-7).
-84
Let w(p) = 8*p + 30. Determine w(-9).
-42
Let u(s) = -s**2 - 10*s + 150. What is u(-18)?
6
Let g(o) = 8*o**2 - 30*o - 31. What is g(-1)?
7
Let p(z) = -z**2 + 1. Calculate p(6).
-35
Let c(y) = 4*y**2 + 16*y + 6. What is c(-1)?
-6
Let d(z) = z**2 + 53*z - 104. Give d(-55).
6
Let z(f) = -3*f**2 + 38*f - 11. Determine z(12).
13
Let w(a) = -8*a + 5. What is w(2)?
-11
Let g(a) = -9*a - 33. Calculate g(-18).
129
Let r(k) = -k**3 - 15*k**2 - 57*k - 20. Calculate r(-9).
7
Let g(w) = -w**3 - 9*w**2 + 71*w + 1. Determine g(5).
6
Let z(p) = -p**2 - 8*p - 2. Determine z(-11).
-35
Let s(j) = -13*j + 29. Calculate s(6).
-49
Let l(h) = 2*h + 2. Give l(1).
4
Let m(z) = 3*z**3 - 5*z**2 + 4*z - 13. Calculate m(3).
35
Let u(h) = 8*h + 2. Give u(1).
10
Let z(u) = -2*u**2 + 52*u + 6. What is z(25)?
56
Let s(g) = -g**3 - 12*g**2 + 12*g - 17. Calculate s(-13).
-4
Let z(t) = -t**3 - 4*t**2 + 9*t + 1. What is z(2)?
-5
Let l(r) = 15*r + 81. Give l(-6).
-9
Let h(u) = u**2 + 5*u - 3. Determine h(-3).
-9
Let g(l) = -5*l + 74. Determine g(14).
4
Let h(y) = y**3 + 9*y**2 + 9*y + 12. Determine h(-8).
4
Let k(a) = a**2 - 3*a + 4. Give k(4).
8
Let w(z) = z - 13. Calculate w(9).
-4
Let o(z) = -z**2 - 21*z + 10. Give o(-15).
100
Let o(l) = l**2 - 11*l + 17. Give o(8).
-7
Let x(t) = t**2 - t - 75. What is x(-8)?
-3
Let f(v) = -v**2 + 12*v - 14. Calculate f(8).
18
Let h(s) = -2*s**2 + 4*s - 3. What is h(3)?
-9
Let n(j) = -j**3 - 21*j**2 + 22*j - 30. What is n(-22)?
-30
Let z(h) = 12*h - 5. Give z(8).
91
Let j(z) = -2*z**3 + 4*z**2 - 3*z + 2. What is j(2)?
-4
Let r(d) = d**2 + 7*d + 21. What is r(-4)?
9
Let q(v) = -v**3 + 4*v**2 + 16*v - 10. Calculate q(6).
14
Let b(l) = -l**2 - 8*l. What is b(-7)?
7
Let b(n) = -2*n + 23. Determine b(8).
7
Let c(r) = r**3 + r**2 - 2*r - 3. Calculate c(-1).
-1
Let a(f) = -f**2 - 8*f - 10. Determine a(-5).
5
Let m(u) = 2*u + 29. Give m(-8).
13
Let h(b) = 9*b**2 - 5*b. Calculate h(-2).
46
Let x(y) = y**3 + 10*y**2 + y - 5. Give x(-10).
-15
Let z(g) = g**2 - 13*g + 19. Determine z(12).
7
Let v(s) = -s**2 - 8*s + 4. Give v(-10).
-16
Let s(d) = 8*d + 36. Determine s(-6).
-12
Let w(t) = -t + 16. Calculate w(7).
9
Let z(i) = -i**3 - 15*i**2 - 17*i + 128. Determine z(-13).
11
Let a(x) = -17*x**2 + 15*x - 15. Determine a(1).
-17
Let b(n) = n**3 + 13*n**2 + 27*n + 19. Determine b(-10).
49
Let z(g) = -9*g. Give z(-7).
63
Let v(l) = -7*l**2 - 4*l - 2. What is v(-2)?
-22
Let p(n) = n**3 - 8*n**2 - 9*n - 8. Calculate p(9).
-8
Let z(a) = -2*a**2 + 5*a - 10. Give z(4).
-22
Let x(z) = z**2 + 12*z - 15. Calculate x(-13).
-2
Let b(v) = v**3 + 6*v**2 - 3*v - 5. Calculate b(-6).
13
Let y(t) = -4*t*